f v(47)?
5
Let j = -80 + 162. Let y = j - 71. What is the units digit of y?
1
Suppose -5*a + a = -b - 76, 0 = -3*a + b + 56. Suppose 4*z - 2*z = a. Suppose z*u - 15*u + 15 = 0. What is the units digit of u?
3
Suppose -a + o = -31, 0*o = -3*a - 3*o + 63. Suppose -u - d = -7, 4*u + 5*d = a - 1. What is the units digit of (-4 - -49)*6/u?
7
Let u = -109 - -262. Let c = u - 46. What is the units digit of c?
7
What is the hundreds digit of ((-2)/(-2))/(0 + (-1)/(-491))?
4
Let n be (-3)/(9/(-6)) + 64. Suppose -4*i = -n - 278. What is the units digit of i?
6
Let r(q) = 2*q - 14. Let d be r(7). Suppose i - 1 = -d*i. What is the tens digit of 4/i*22/8?
1
Let l(s) = -s + 8. Let g be l(6). Let q = 5 - 9. What is the tens digit of -10*q*g/4?
2
Let v be 4/(-1 - (-1 + -2)). Suppose -v*i + 3 = 15. Let y = i + 64. What is the units digit of y?
8
Suppose -4*x = -3*x + 2. Let u be (x/(-4))/(2/80). Let o = -2 + u. What is the units digit of o?
8
Suppose 21*j - 19*j - 4 = 0. Suppose 4*d - 4*m - 145 = m, j*d = -5*m + 95. Let g = -10 + d. What is the units digit of g?
0
What is the hundreds digit of 4*(-4)/16*-302?
3
Suppose -5*l + 13 = -12. Suppose -2*u - 111 = -l*u. What is the tens digit of u?
3
Suppose 3*z - 151 - 395 = 0. What is the tens digit of (-11)/((-11)/z) - -4?
8
Suppose -3*s + 12 = 5*m, -16 = -4*s + 5*m - 0*m. What is the hundreds digit of (s + -366)*(-3 - (-20)/8)?
1
Let y(o) = 18*o - 4. Let z = 18 + -13. What is the tens digit of y(z)?
8
Let r = -13 + 51. Let d be 4/6*(5 + 37). Let b = d + r. What is the units digit of b?
6
Suppose 0 = -7*i + 2*i. Let s = -62 + 152. Suppose 3*a + i*a - s = 0. What is the tens digit of a?
3
What is the tens digit of 90/27*7914/5?
7
Suppose -5*l + 6*u - u = -45, 2*l + 5*u + 17 = 0. Let m be (12/9)/(l/12). Suppose -113 = -m*j + 107. What is the tens digit of j?
5
Let q = 57 + -51. Suppose -q*d = -970 - 998. What is the tens digit of d?
2
Let i = -161 - -2236. What is the units digit of i?
5
Let l = 16 - 6. Let b = 112 - l. What is the tens digit of b?
0
Suppose -3*f + f = 4*w - 2592, w + 3*f - 643 = 0. What is the tens digit of w?
4
Suppose -4*u - 16 = -6*u. Let s(p) = -8 + 120*p**3 - 119*p**3 + 3*p**2 - 6*p - 10*p**2. What is the units digit of s(u)?
8
Let v(w) = 159*w - 98. What is the hundreds digit of v(10)?
4
Let b be (-22)/3 + (-5)/(-15). Let l(h) = 4*h + 1. Let m be l(b). What is the units digit of m/3*-3 + -2?
5
What is the tens digit of (-1920)/(-3) + 0/2*-1?
4
Let o(u) = 4*u**2 + 718. What is the tens digit of o(0)?
1
Let h = -9 - -11. Suppose p + 2*p = -y + 11, 5*p - 11 = h*y. What is the tens digit of 3/(810/(-275) + p)?
5
Let f be (-5)/(-10) + 1/2. What is the tens digit of (-12)/(-4) + (-142)/((-2)/f)?
7
Let i(d) be the second derivative of d**4/3 + 2*d**3/3 + 5*d**2/2 - 37*d. What is the tens digit of i(-6)?
2
Suppose 5 = z + 30. Let y(k) = k**3 + 8*k**2 - 3*k - 12. Let q be y(-4). Let w = z + q. What is the units digit of w?
9
What is the thousands digit of (-4)/((-8)/(-14)) - 46088/(-28)?
1
Suppose 5*s - 2 + 282 = 0. Let d = -38 - s. What is the units digit of d?
8
Let z(y) = y - 1. Let j be z(-6). Let c(n) = -2*n**2 - 11*n - 7. Let o be c(j). Let v = o - -60. What is the units digit of v?
2
Let g = 47 - 49. What is the units digit of g/2 - 1 - (-5 + -42)?
5
Let p = 17 - 9. Let s(r) = 2*r - 12. Let j be s(p). What is the tens digit of (-33)/2*j/(-6)?
1
Let a = 3 + 6. Suppose -a + 11 = c. Suppose 39 = 5*m - c*k - 75, 2*m - 4*k - 52 = 0. What is the units digit of m?
2
Let m(u) = -275*u - 6. Let s be m(2). What is the hundreds digit of 5*(s/(-10))/2?
1
Suppose 5*r - 151 - 414 = 0. Suppose -2*q + o + r = q, o = -3*q + 115. What is the units digit of q?
8
Let r = -11 - -13. Let b = 4 - r. Suppose b*n = 18 + 8. What is the tens digit of n?
1
Let q(i) = 7*i - 8. Let n be q(11). Let r = -62 + n. What is the units digit of r?
7
Suppose j + 0*j = 3. Suppose -j*i + 4 = 1. What is the tens digit of (0 - i)/((-3)/75)?
2
Let o(u) = -u**3 + 11*u**2 + 2*u - 22. Let q be o(11). Suppose -3*m + 4*x = -109, -x - 4 + 3 = q. What is the tens digit of m?
3
Suppose 24 = c + 3*c. Let w(a) = -a**2 + 7*a - 6. Let q be w(c). Suppose 57 = 2*x - 3*j, q*x + 177 = 5*x + 4*j. What is the units digit of x?
3
Let x be 33/(-22)*596/(-6) + -3. Suppose x = d - 156. What is the tens digit of d?
0
Suppose -8*h - 3 = -5*h, -2744 = -3*s - 4*h. What is the tens digit of s?
1
Let w(k) = -k. Let l(t) = 3*t + 3. Let g(u) = l(u) - w(u). Let p be 6*((16/3)/(-2) - -3). What is the units digit of g(p)?
1
Suppose -s + 2 = -13. Let b be s/3*(-6)/(-10). Suppose -b*v + 57 = -0*v. What is the units digit of v?
9
Let m(w) = -5*w + 5. Let d be m(-4). Let t(r) = -r**3 - 7*r**2 + 7*r + 1. Let p be t(-7). What is the units digit of p/(-10) - (-5)/d?
5
What is the units digit of 5 - (-12 + 7) - -1?
1
Suppose -s = 5, 8*m = 3*m + 5*s + 3955. What is the hundreds digit of m?
7
What is the tens digit of 1179 - (165/(-10))/11*2?
8
Let u = 754 - 750. Let q = -8 - -25. Suppose -129 = -u*v - q. What is the units digit of v?
8
What is the hundreds digit of 23736/56 + (-2)/(-14)?
4
Let t(k) = -4*k**3 + k**2 + 3*k + 1. Let q be t(-1). Suppose 2*b = 4*s + 24, 4*s - q*s - 14 = -2*b. What is the units digit of b?
8
Let j = 115 - 112. Suppose -4*i = -5*o - 99 - 175, -j*o = -5*i + 349. What is the tens digit of i?
7
Let g = 1056 + 579. What is the hundreds digit of g?
6
Let g = -96 + 139. Suppose -4*l = -g - 9. What is the units digit of l?
3
Suppose -3*m - 2 = 2*p + 1, -p - 5*m = 19. Suppose 0 = 5*f - p*f. Suppose 3*t + 31 = w + 3*w, -5*t - 25 = f. What is the units digit of w?
4
Let x be (-5)/(15/6) + 4. Suppose 0 = 5*f - 5*r, 3*r = 4*f + x*r. Suppose 2*q = -l, f*q + 5*l + 11 = q. What is the units digit of q?
1
Let p(s) = -s**3 - s**2 + 2*s + 9. Let n be p(-7). Let t = -143 + n. What is the tens digit of t?
4
Suppose 21*r = 23*r - 452. Let u = r - 62. What is the hundreds digit of u?
1
Suppose -5*j = -3114 - 256. What is the tens digit of j?
7
Suppose 2*u + 3 - 7 = 0, 5*u = -4*a + 6. Let l be (a/3)/(11/99). What is the units digit of 6/(-9) - 53/l?
7
Suppose 3*w - 55 = -5*g, 2*w + g - 38 = -3*g. Suppose w*s - 1125 = 3060. What is the hundreds digit of s?
2
Suppose 13*x = 5245 + 22497. What is the thousands digit of x?
2
Suppose 3*g - 4*g - 3*w + 26 = 0, -2*g = 3*w - 55. Let j = 45 + g. What is the units digit of j?
4
Let j(f) = 14*f. Suppose 5*z - 9 - 16 = 0. What is the tens digit of j(z)?
7
Let z = -1767 - -4329. What is the tens digit of z?
6
Let t = -773 + 1444. What is the units digit of t?
1
Let b(n) = 12*n**2 + n - 3. Let d be b(3). Suppose -12*h + 9*h = -d. What is the tens digit of h?
3
Let s be (18/7)/(5/35). Let w be -2*105/s*3. Let i = w - -58. What is the units digit of i?
3
Let j be 3660/100 - 4/(-10). Suppose -12 = -3*f, -j = -5*n - 3*f + 345. What is the units digit of n?
4
What is the units digit of -126*40/45*(-6)/4?
8
Let z = 24 + -19. Suppose z*v - 9 = 26. Suppose 123 - v = 4*h. What is the tens digit of h?
2
Let m(x) = -2*x**3 - 28*x**2 - 4*x - 4. What is the tens digit of m(-15)?
0
Let s = -113 - 38. Let y = -86 - s. What is the units digit of y?
5
Suppose 23*x - 4114 = 12*x. What is the hundreds digit of x?
3
Suppose 0 = -q - v + 2*v + 306, 4 = -2*v. What is the hundreds digit of q?
3
Let h(y) be the second derivative of 5*y**3/3 - 26*y**2 + 32*y. What is the units digit of h(13)?
8
Let x = 70 - 39. Let q = x + 97. What is the tens digit of q?
2
Let n = -22 + 24. Suppose -4*d = 3*j + n*j - 42, -j - 2*d + 12 = 0. What is the tens digit of 123/2 - j/4?
6
Let r(i) = -6*i - 9. Let z be r(-5). Let q = -7 + z. What is the tens digit of (-172)/(-5) + q/(-35)?
3
Let q be (4/(-12))/((-2)/(-30)). Let j = -2 - q. Suppose -5*c = -2*z - 65, -j*z - 2*z = -3*c + 39. What is the tens digit of c?
1
Let f(d) = 4 - 7*d + 25*d - 17*d. What is the units digit of f(26)?
0
Suppose 380*g - 382*g = -7974. What is the units digit of g?
7
Let f = -7 - -8. What is the tens digit of f/(-3) + (-68)/(-6)?
1
Suppose 9 + 9 = 6*z. Suppose -2*h = -6, 2*h - 6*h + 12 = -5*f. Suppose -z*p + f*p = -114. What is the units digit of p?
8
Suppose 3*r - 1923 = -4*g + 3331, 2*g - 5*r = 2614. What is the thousands digit of g?
1
Let h(b) = 4 - 4*b + 3*b - 8 + 3*b. Let v be h(3). Suppose -2*q =